 w?
5, 73
Suppose 4*o - 848 = 3*s, -636 = -3*o - 5*s - 0*s. Let f = o - -114. What are the prime factors of f?
2, 163
Suppose -5*v = -2*a - 7, 2 = -a + 5*v - 9. What are the prime factors of (a/6)/((-116)/(-13398))?
7, 11
Suppose -4*p = p - 20. Let o = 6346 - 6343. Suppose -o*m - 5*d + 8*d + 39 = 0, -d = p*m - 37. What are the prime factors of m?
2, 5
Let c = 3637 + -1696. List the prime factors of c.
3, 647
Let l be ((-5)/(25/(-6)))/((-24)/(-80)). Suppose 3*i + 0*k - 23 = -l*k, -5*k = -10. Suppose 316 = 2*o + u, -i*u - 1 = 19. List the prime factors of o.
2, 5
Let r = -3868 - -6254. What are the prime factors of r?
2, 1193
Let g be 1 + (-2223)/2 + (-31)/(-62). Let h = g - -1756. What are the prime factors of h?
2, 17, 19
Let s be 1/(-4) + 567/12 + 1. Suppose 2*w - 230 = s. Suppose f - 2*b = 143, w - 567 = -3*f + 5*b. List the prime factors of f.
3, 47
List the prime factors of ((-1)/1)/(-6*12/144) - -1243.
3, 5, 83
Suppose 620*l = 615*l + 180. Suppose -2868 = -3*w - 3*y, 5*w = -l*y + 35*y + 4764. List the prime factors of w.
2, 7, 17
Let i = 81 - 73. Let g(f) = 117*f - 130. What are the prime factors of g(i)?
2, 13, 31
Suppose -31*t + 91861 + 171484 = 0. List the prime factors of t.
5, 1699
Let d(f) = 7*f - 9. Let j be d(-3). Suppose -5*u - g - 111 - 302 = 0, -g = -2. Let m = j - u. What are the prime factors of m?
53
Let j = 2630 + 5627. List the prime factors of j.
23, 359
Suppose 6*i + 3*f = 441813, -87824 = -3*i + 4*f + 133066. What are the prime factors of i?
2, 11, 3347
Suppose -40*j + 589069 + 1411579 = 153648. What are the prime factors of j?
5, 1847
Let g = 22 + -80. Let b = g + 55. Let d = b + 108. List the prime factors of d.
3, 5, 7
Let t(l) be the first derivative of l**4/4 + 16*l**3/3 - 2*l**2 - 17*l + 22. Let x be t(-16). Suppose 46 + x = 3*n. What are the prime factors of n?
31
Suppose -5*d = -11*d + 6. List the prime factors of -3*68*(7 - d)/(-3).
2, 3, 17
Let x be (88/(-66))/(3/(-4230)). Let z = x - 113. What are the prime factors of z?
3, 19, 31
What are the prime factors of ((-242)/(-14) - -5) + 10/(-35)?
2, 11
Suppose -9*b + 356757 = 20*b - 423401. What are the prime factors of b?
2, 13451
Let h be -2 + 0/(-2) + -57 - -5. Let q = h + 327. What are the prime factors of q?
3, 7, 13
Suppose 3*j - 22 = 4*q, -2*q - 14 = -3*j - 0*q. What are the prime factors of (660 - 34)*1/j?
313
Suppose -2*v = 2*i - 3930, 0 = -0*v - 4*v + i + 7860. Suppose 3*g + 2*g - v = 0. What are the prime factors of g?
3, 131
Suppose 0*o - 8755 = -4*o - 3*s, 0 = 4*o - 2*s - 8730. Suppose 0 = 7*l - 2*l - o. List the prime factors of l.
19, 23
Suppose -167143 = -29*h + 88927. List the prime factors of h.
2, 5, 883
Let j(o) = 77*o - 92. Suppose 35 = 5*a + 3*s, 3*a - 14*s - 21 = -17*s. List the prime factors of j(a).
3, 149
Suppose -7*n - 1496 = -15*n. Let l = n + -154. What are the prime factors of l?
3, 11
Let q(k) = 8*k + 82. Let p be q(-7). Suppose 0 = 35*j - p*j - 1422. What are the prime factors of j?
2, 79
Let o be 68/(-442) - (-7510)/(-26). Let v = o - -1470. What are the prime factors of v?
1181
Suppose -82*x + 6 = -80*x. Let m = 11 + -2. Suppose -m - x = -2*f. What are the prime factors of f?
2, 3
Let t(v) = 19*v**3 - 12*v**2 + 76*v - 728. What are the prime factors of t(12)?
2, 3911
Let l = -12246 + 43436. List the prime factors of l.
2, 5, 3119
Let c(i) = i**2 - 3*i - 28. Let r be c(-4). Suppose -3*v + 870 = z, -4*v = -2*v + 2. Suppose -9*x = -r*x - z. What are the prime factors of x?
97
Suppose -97*b = -1855110 - 663398. List the prime factors of b.
2, 6491
Let o(s) be the second derivative of 0 + 10*s + 17/2*s**3 + 2*s**2. List the prime factors of o(2).
2, 53
Let u be 2806/(-8) - ((-35)/20 - -2). Let y = u - -716. Suppose i - 6*i + y = 0. What are the prime factors of i?
73
Let y = 18996 - 3618. What are the prime factors of y?
2, 3, 11, 233
Let s(q) = -2*q. Let a(m) = -6*m**2 + 4*m + 174. Let h(l) = -a(l) + 3*s(l). List the prime factors of h(-8).
2, 5, 29
Let m(h) = 392*h + 162. What are the prime factors of m(7)?
2, 1453
Let i(t) = t**2 + 104*t - 89. List the prime factors of i(23).
2, 3, 59
Let m(d) = 0*d - 2 + 4 + 2*d - 6. Let g(p) = p**3 - 7*p**2 + 6*p + 5. Let y be g(6). What are the prime factors of m(y)?
2, 3
Let o(x) = -4*x + 2. Let r(i) = 4*i + 4. Let b(p) = -5*p - 5. Let m(l) = 3*b(l) + 4*r(l). Let a(z) = 8*m(z) + o(z). What are the prime factors of a(11)?
2, 3
Let y(j) = 7*j**2 - 7*j + 5. Let g be y(1). Suppose 0 = -8*m + 6*m + 6, -4*m + 3652 = g*a. What are the prime factors of a?
2, 7, 13
Let z be (-2)/(-6) - (-514)/6. Suppose 4*c + 74*r + 252 = 72*r, 252 = -4*c - 3*r. Let g = c + z. What are the prime factors of g?
23
Let o(h) = -h**2 + 2 - 1 - 4*h**2 + h + 10*h**2. List the prime factors of o(-6).
5, 7
Let l(y) = 135*y + 153. Let g be l(14). Let u = -1444 + g. List the prime factors of u.
599
Let i be 14/(-4)*(-12)/14. Suppose 0*d + 5*a = -i*d - 740, -3*d + 3*a = 708. What are the prime factors of (-2 + 1*-2)/(6/d)?
2, 5
Let p(z) = z**2 + 10*z + 16. Let a be p(-6). Let b be (-8)/14*28/a. Suppose -b*o + 4*r = -190, -3*r + 419 = 4*o + 2*r. What are the prime factors of o?
101
Let q = 34 - -1. Suppose 3*c - q = -5*n, -5*c + 12 = -4*n + 3. Suppose c*a = 11 + 314. List the prime factors of a.
5, 13
Suppose -16*v + 5 - 53 = 0. List the prime factors of 1*1068/9 - 4/v.
2, 3, 5
Suppose t - 5 = -0*t. Suppose -3*j - 857 = -4*d, -10*d + 12*d - t*j = 425. List the prime factors of d.
5, 43
Suppose 187 = -j + 192, -m + 8549 = 3*j. What are the prime factors of m?
2, 17, 251
Let c(r) = -103*r - 599. What are the prime factors of c(-35)?
2, 3, 167
Let g(j) = -217*j - 1252. What are the prime factors of g(-19)?
3, 11, 29
Let s be (-1)/(-4) + 11/(88/126). What are the prime factors of 116*4*2/s?
2, 29
Let k(t) be the second derivative of 5*t**4/12 - 3*t**2 - 19*t. Let b be k(-2). Let i = 59 - b. What are the prime factors of i?
3, 5
Let p = -11 - -32. Suppose 2*t = p - 17. Suppose 3*h - 81 = t*h - 3*s, -5*s + 79 = h. What are the prime factors of h?
2, 3, 7
Let s(d) = d**3 - 22*d**2 - 32*d - 46. Let u be s(28). Suppose -15*a + u = 7*a. List the prime factors of a.
3, 19
Let l = -5658 - -7961. List the prime factors of (1 + -19)*l/(-94).
3, 7
Let s = 1447 - 716. List the prime factors of s.
17, 43
Suppose 10*o + 603054 + 359310 = 166*o. List the prime factors of o.
31, 199
Suppose -2*c - 4*v = 184, c - 10*v + 8*v + 76 = 0. List the prime factors of (-9)/(48/c - 1046/(-1904)).
2, 3, 17
Suppose -42*o - 26*o + 26*o = -2898042. What are the prime factors of o?
69001
Let x(v) = v + 2. Let p be x(-4). List the prime factors of p + 0 - 2476*(-1)/4.
617
What are the prime factors of ((-45172)/(-20))/((-16)/(-80)) - 7?
2, 3, 11, 19
Suppose 0 = -4*w + 5*u - 75, -3*w + 3*u - 54 = 0. Let l = 144 - w. What are the prime factors of l?
3, 53
Let b(y) = y**3 + 55*y**2 + 94*y + 2362. What are the prime factors of b(-25)?
2, 3, 53, 59
Let p(h) = 42*h**3 + 4*h**2 - 40*h + 199. What are the prime factors of p(8)?
3, 7213
Let o be 1/4 - (-62)/8. List the prime factors of 2/o + (-1035)/(-4).
7, 37
Let a(b) = 2*b**2 - 13*b - 16. Let k be a(-9). Let l = -107 + k. Let i = 224 - l. List the prime factors of i.
2, 17
Suppose -5*r - 4*q = -32558, 3*q + 20424 = 5*r - 12085. What are the prime factors of r?
2, 3253
Suppose -264189 - 406978 = -59*f + 253953. What are the prime factors of f?
2, 5, 7
Suppose 12 = -7*w + 33. Suppose 5*r - 4*r = -2*i + 966, 2*r = -w*i + 1932. What are the prime factors of r?
2, 3, 7, 23
Let w be (10 - 4)*(-20)/(-6)*-14. Let q = -126 - w. Suppose y - q = -6*y. What are the prime factors of y?
2, 11
Suppose 24*g + 112366 = 26*g - 3*k, 2*g - k = 112378. What are the prime factors of g?
2, 439
List the prime factors of (0 - 15/(-6))*12848/110.
2, 73
Suppose 0 = -3*m - g + 13, m - 6 = -g + 1. Suppose -122 = -t + 5*h, -m*t - 42*h + 383 = -40*h. What are the prime factors of t?
127
Let f(j) be the second derivative of -j**5/20 + 37*j**4/12 - 7*j**3/2 + 49*j**2/2 + 56*j. What are the prime factors of f(36)?
19, 31
Let b(g) = 114*g - 2. Let x be b(9). Suppose -2*p = -2*m - 0*m - 530, -4*p - 5*m = -x. What are the prime factors of p?
3, 29
Let d be -102 + 5 + (-2 - -3). Let v = d + 145. List the prime factors of v.
7
Let x(d) = d**3 - 14*d**2 + 9. L